{"id":19,"date":"2021-10-12T12:27:58","date_gmt":"2021-10-12T10:27:58","guid":{"rendered":"http:\/\/lfdidf.fr\/?page_id=19"},"modified":"2022-10-18T15:18:38","modified_gmt":"2022-10-18T13:18:38","slug":"le-disc-golf","status":"publish","type":"page","link":"https:\/\/lfdidf.fr\/index.php\/flying-disc\/le-disc-golf\/","title":{"rendered":"Le Disc Golf"},"content":{"rendered":"\n<figure class=\"wp-block-image size-full is-resized\"><img decoding=\"async\" src=\"http:\/\/lfdidf.fr\/wp-content\/uploads\/2021\/10\/DiscGolf-edited.jpg\" alt=\"\" class=\"wp-image-260\" width=\"836\" srcset=\"https:\/\/lfdidf.fr\/wp-content\/uploads\/2021\/10\/DiscGolf-edited.jpg 375w, https:\/\/lfdidf.fr\/wp-content\/uploads\/2021\/10\/DiscGolf-edited-300x200.jpg 300w, https:\/\/lfdidf.fr\/wp-content\/uploads\/2021\/10\/DiscGolf-edited-128x85.jpg 128w, https:\/\/lfdidf.fr\/wp-content\/uploads\/2021\/10\/DiscGolf-edited-32x21.jpg 32w\" sizes=\"(max-width: 375px) 100vw, 375px\" \/><\/figure>\n\n\n\n<p>Sport de flying disc (de disque, ou de Frisbee\u00ae) formalis\u00e9 dans les ann\u00e9es 70 aux \u00c9tats-Unis, le disc golf se joue comme le golf, mais au lieu de propulser une balle \u00e0 l\u2019aide d\u2019un club pour effectuer des coups successifs, le joueur de disc golf lance un disque (frisbee) \u00e0 la force du bras.<\/p>\n\n\n\n<p>L\u2019objectif est de r\u00e9aliser un parcours compos\u00e9 de 9 \u00e0 18 trous en un minimum de lancers.<\/p>\n\n\n\n<p>Aux \u00c9tats-Unis le disc golf est devenu populaire et est l\u2019une des activit\u00e9s de loisirs qui connait actuellement la plus forte croissance. A fin 2015, il existe environ 6000 parcours permanents dans le monde dont 5000 aux \u00c9tats-Unis, pr\u00e8s de 500 en Finlande, quelques dizaines en France, dont le 1er install\u00e9 en 2002.<\/p>\n\n\n\n<h1 class=\"wp-block-heading\"><em>un sport pour tous<\/em><\/h1>\n\n\n\n<p>Le disc golf, sport-loisir de plein air pour tous.<\/p>\n\n\n\n<p>Les activit\u00e9s de loisirs prennent de plus en plus de place dans notre quotidien pour les bienfaits sur notre sant\u00e9 et sur la qualit\u00e9 de notre vie.<\/p>\n\n\n\n<p>La pratique de cette discipline sollicite toutes les parties du corps (bras, buste, jambes \u2026) et demande de la concentration et de la dext\u00e9rit\u00e9. Cela fait du disc golf une activit\u00e9 de plein air compl\u00e8te et id\u00e9ale pour la ma\u00eetrise de soi et le contr\u00f4le de ses \u00e9motions.<\/p>\n\n\n\n<p>Pour les juniors, les adultes comme pour les seniors, la pratique de cette discipline est b\u00e9n\u00e9fique pour la sant\u00e9 et ne requiert pas d\u2019aptitude physique particuli\u00e8re. Cette discipline est naturellement adapt\u00e9e aux personnes en situation de handicap.<\/p>\n\n\n\n<p>Il faut environ 2 heures pour r\u00e9aliser un parcours complet de 18 trous avec 3 joueurs dans le m\u00eame groupe.<\/p>\n\n\n\n<h2 class=\"wp-block-heading\">Le Disc Golf en \u00cele-de-France<\/h2>\n\n\n\n<p><a href=\"http:\/\/lfdidf.fr\/index.php\/flying-disc\/le-disc-golf\/dg-en-ile-de-france\/\">http:\/\/lfdidf.fr\/index.php\/flying-disc\/le-disc-golf\/dg-en-ile-de-france\/<\/a><\/p>\n","protected":false},"excerpt":{"rendered":"<p>Sport de flying disc (de disque, ou de Frisbee\u00ae) formalis\u00e9 dans les ann\u00e9es 70 aux \u00c9tats-Unis, le disc golf se joue comme le golf, mais au lieu de propulser une balle \u00e0 l\u2019aide d\u2019un club pour effectuer des coups successifs, le joueur de disc golf lance un disque (frisbee) \u00e0 la force du bras. L\u2019objectif [&hellip;]<\/p>\n","protected":false},"author":1,"featured_media":0,"parent":21,"menu_order":0,"comment_status":"closed","ping_status":"closed","template":"","meta":{"footnotes":""},"class_list":["post-19","page","type-page","status-publish","hentry"],"_links":{"self":[{"href":"https:\/\/lfdidf.fr\/index.php\/wp-json\/wp\/v2\/pages\/19","targetHints":{"allow":["GET"]}}],"collection":[{"href":"https:\/\/lfdidf.fr\/index.php\/wp-json\/wp\/v2\/pages"}],"about":[{"href":"https:\/\/lfdidf.fr\/index.php\/wp-json\/wp\/v2\/types\/page"}],"author":[{"embeddable":true,"href":"https:\/\/lfdidf.fr\/index.php\/wp-json\/wp\/v2\/users\/1"}],"replies":[{"embeddable":true,"href":"https:\/\/lfdidf.fr\/index.php\/wp-json\/wp\/v2\/comments?post=19"}],"version-history":[{"count":4,"href":"https:\/\/lfdidf.fr\/index.php\/wp-json\/wp\/v2\/pages\/19\/revisions"}],"predecessor-version":[{"id":652,"href":"https:\/\/lfdidf.fr\/index.php\/wp-json\/wp\/v2\/pages\/19\/revisions\/652"}],"up":[{"embeddable":true,"href":"https:\/\/lfdidf.fr\/index.php\/wp-json\/wp\/v2\/pages\/21"}],"wp:attachment":[{"href":"https:\/\/lfdidf.fr\/index.php\/wp-json\/wp\/v2\/media?parent=19"}],"curies":[{"name":"wp","href":"https:\/\/api.w.org\/{rel}","templated":true}]}}